5*z**2 + 3*z - 2. Let q be g(6). Suppose 0 = 5*s - s - q. Is s a composite number?
True
Let s(h) = 4 - 3*h + 8*h**2 - 6 - 1 + 6*h**3. Suppose 267*b - 308*b + 287 = 0. Is s(b) composite?
True
Let i be (-8 - -6)*(-5850)/12. Let l = i + -292. Is l a composite number?
False
Let q(f) = f**3 + 5*f**2 + 5*f + 9. Let o be q(-4). Suppose 5*h - 10*h + 13530 = o*x, 0 = -x + h + 2696. Is x a prime number?
False
Let w be 9823 - (0 - 6/(-2)). Suppose u - 12261 = -5*f, -2*f - 2*u - w = -6*f. Suppose 4392 + f = 5*m. Is m a composite number?
True
Let c(z) = -25*z**3 - 8*z**2 - 13*z + 5. Suppose -2*d - 4*g - 16 = -9*g, -2*g = -4. Is c(d) a prime number?
True
Suppose -1039598 = 147*s - 161*s. Is s a prime number?
True
Suppose 0 = b - 2*d - 13, 3*d + 11 = -4. Suppose 5*x + p = 15, x = 2*x + 5*p - b. Suppose s - 1310 = -5*k, x*k - s = -0*k + 786. Is k a composite number?
True
Let a(g) = g + 26. Let s be a(-24). Suppose 5*d = s*f, -4*d - 21 = -d + 3*f. Is (-1)/(12/3560)*3/d a composite number?
True
Let v be ((-2)/((-8)/37))/((-16)/(-128)). Let d = v - -5. Is d composite?
False
Let g(u) = 122*u**2 - 62*u + 9. Is g(20) a composite number?
False
Let d be (-4)/14 - 16/(-7)*1. Suppose 3*h - d*a - 202 = 0, 87 = 4*h + 4*a - 209. Is (-20)/h - 2/(-7) - -317 composite?
False
Let q be -2*10/14 - 8/14. Let a(y) = -26*y**2 + 26*y**2 - 1 + 113*y**2. Is a(q) a prime number?
False
Let c = -2246 - -7647. Is c composite?
True
Suppose 5*a + 144 = 2*a. Let f = 261 - 136. Let p = a + f. Is p prime?
False
Suppose 4*j + 0*j - 10240 = 0. Suppose -12*s + j = -8*s. Suppose 5*v = -3*o + 1383 - 442, 3*v + s = 2*o. Is o a prime number?
True
Let n(u) = -322*u - 25. Let g(k) be the second derivative of k**5/20 + k**4 + k**3/6 + 9*k**2/2 + 5*k. Let y be g(-12). Is n(y) prime?
True
Suppose s - 69794 = -5*h, 4*s - 439301 + 160050 = 5*h. Is s a composite number?
False
Suppose 2*m = 6*m - 9644. Let y = 7544 + m. Let i = -6294 + y. Is i a prime number?
False
Let j(g) = 23*g**2 + 2 - 17*g**2 - 14 + 18*g - 3*g**3 + 2*g**3. Let r be j(8). Is -3 - 86/(r + -5) prime?
True
Let a = 340 - -215. Let i = -1375 - -1379. Suppose -i*f + a = f. Is f prime?
False
Suppose 0 = 2*d - 6, 30535 = -106*u + 107*u + 2*d. Is u a prime number?
True
Suppose 3*o + 1241023 = 2*r, 9*r + 3*o - 391724 - 5192830 = 0. Is r prime?
True
Let a be ((-54)/14)/9 - (-45)/7. Suppose 2*r - 3*u - 1811 = 0, 3*r + a*u = 7*u + 2720. Is r a composite number?
False
Suppose -b + 1363303 = -q, -3*q + 475782 = b - 887521. Is b a composite number?
True
Let s(y) = y**3 + 13*y**2 - 21*y. Let m be s(-9). Suppose -5*h + 4450 = 5*z, 2*z + m + 1279 = 2*h. Is h/((-22)/(-26) - (-16)/104) prime?
False
Let o(z) = 93*z - 6. Let q(n) be the third derivative of 23*n**4/12 - n**3/2 - 17*n**2. Let j(b) = -6*o(b) + 11*q(b). Is j(-4) prime?
True
Let m be ((-32465)/3)/((-10)/30). Suppose -8*p = -3*p - m. Suppose -3*k + p = 871. Is k a prime number?
False
Let s be (0/((-9)/(-3)))/(11 + -12). Suppose 0 = -3*p, -5*z = -s*p + 4*p - 20555. Is z a prime number?
True
Let y be 3/9 + 30/18. Is ((-35)/y - -4)*-14 - -5 composite?
True
Suppose -2904*d = -2914*d + 3625210. Is d a composite number?
False
Let a be 80/16 + 1 + 1376. Suppose 51 = f + 2*f + 3*p, 2*f - 34 = -5*p. Let r = f + a. Is r composite?
False
Suppose 3*q - 105 = -5*m, -2*q - 2*m + 70 = 2*m. Suppose -59 = -t + q. Let g = -87 + t. Is g a composite number?
False
Suppose 113021 = 121*a - 227352. Is a composite?
True
Let o(j) = -6*j + 14. Let a be o(4). Let c be (-12)/(-60) - (-2)/a. Suppose -r + 14 + 23 = c. Is r a composite number?
False
Is (-548)/(18/(-179901)*18) composite?
True
Suppose 0 = -6*f + 2578 + 36026. Let b = -2449 + f. Is b a prime number?
False
Let t(c) be the third derivative of 89/24*c**4 - 19*c**2 - 5/3*c**3 + 0 + 0*c. Is t(3) prime?
True
Suppose -6*n + 32182 = -11450. Suppose 2*h = 2*m + n, -20*h = -16*h - 5*m - 14539. Is h a composite number?
True
Let z = -271598 + 479521. Is z prime?
True
Let p be (4804/24)/(7/420*5). Suppose -r = 2*r - 4*v - 13, -2*v = 2*r - 4. Suppose r*w - p = -4*a, 3*w = a - 2*a + 2405. Is w a composite number?
True
Suppose 0 = v - 4*h - 8, 3*v - 5*h - 19 + 9 = 0. Suppose -2*m - 4 = 0, -4*m - 45412 = -4*b - v*m. Is b composite?
False
Suppose 0 = 159*q + 6*q - 55513095. Is q prime?
False
Let r(h) = 80*h**2 - 25*h - 73. Is r(44) composite?
True
Let i = 126118 + -51289. Is i a prime number?
False
Suppose 4*m + 0*m - f = 350, -5*m + 443 = -4*f. Let r = m - 84. Suppose 15858 = 3*l + r*l. Is l composite?
True
Suppose -13*t = -31038 + 6442. Let x = -57 + t. Is x prime?
False
Let n = -26651 + 38569. Let r = 16945 - n. Is r composite?
True
Let u = 134 - 131. Suppose 1821 = u*k - 330. Is k a composite number?
True
Suppose -228*i + 267*i = 794157. Is i composite?
True
Let j = -9235 - -10877. Is j a composite number?
True
Suppose 4*p - 3*p + 5*k = 221, -4*k = -p + 176. Let t = p + 71. Is t composite?
True
Is 2759 + (-4 - -12 - 0) composite?
False
Let u = 2201108 + -1491645. Is u prime?
False
Let c = -441 - -446. Suppose 5*h + 10*d = 8*d + 16859, 0 = -2*h + c*d + 6732. Is h composite?
False
Suppose 7*i - 652052 + 217933 = 0. Suppose -4*d = -36747 - i. Is d a composite number?
False
Let a = 31 + -20. Suppose -a*i + 20 = -7*i. Suppose -i*g + 332 = -383. Is g composite?
True
Is (196677460/238 - -9 - -6) + (-4)/(-34) a composite number?
False
Suppose 8*o = -21 + 53. Suppose o*j + 2*f = 18, -4*f + 3 = 3*j + 2. Suppose 25 = -5*l, 4*t + 757 = j*t + l. Is t a prime number?
False
Let i = -27 + 35. Suppose -6*j - i = -10*j. Suppose -5*a + j*s + 4067 = 0, 3*a + 0*a + s = 2449. Is a prime?
False
Let d = -207724 + 323933. Is d a prime number?
False
Let w be ((-2)/(-4))/((-110)/(-1320)). Let k(f) = -178*f - 30. Let c(d) = -d + 1. Let y(r) = -5*c(r) - k(r). Is y(w) a prime number?
True
Suppose 0 = -u + 4*s - 297, 4*u - 4*s + 517 = -635. Suppose -148 = v - 41. Let t = v - u. Is t a prime number?
False
Let r(x) = -527*x - 331. Suppose 482 = -29*n + 18. Is r(n) a composite number?
False
Let l(h) = h - 1. Let o be l(6). Let w be 126/(-567) - (1 + (-83632)/18). Suppose w = 5*p - 5*a, 0*a = o*p + a - 4627. Is p prime?
False
Let j(s) = s**3 - 6*s**2 - 2*s + 1. Let v be j(3). Let o be (-10)/8 - 8/v. Is (-1)/(o/57*3) a composite number?
False
Let z(l) be the second derivative of 26 - l**3 + 25*l + 2*l**2 - 26. Is z(-15) composite?
True
Let v(n) = 11*n + 45. Let z(j) = 5*j + 22. Let q(l) = 6*v(l) - 11*z(l). Let r be q(13). Suppose 431 = 5*w - 4*f, f = 2*w - 2*f - r. Is w prime?
False
Suppose 0 = 4*d + i - 8, -10*d - 6 = -8*d + 3*i. Suppose 2*l + 40721 = d*w, w = 4*w + 4*l - 40751. Is w a prime number?
True
Let q(a) = 81*a**2 - 7*a - 42*a**2 - 8 - 40*a**2. Let k be q(-3). Suppose -k = -w, 3*o - 2*w - 595 = -0*o. Is o prime?
False
Let g = -20 - -18. Let i be (-64)/24*(11/g - -1). Suppose -628 = i*y - 16*y. Is y composite?
False
Let k be (-4 + -3 + 4)/((-6)/40). Let q(l) = -l**3 + 27*l**2 - 41*l - 31. Is q(k) composite?
False
Let d = 159 - 287. Let k = d + 1007. Suppose -4157 = -4*o + k. Is o a prime number?
True
Let i(v) = 462*v**2 + 90*v - 725. Is i(11) a composite number?
False
Let o = -271 - -398. Let l be 276/(-5)*20/(-4). Let z = l + o. Is z composite?
True
Suppose d = 3*d + 3*f - 13, 5*f = -2*d + 19. Let w be (1 + 1)*409/d. Let i = w + 224. Is i composite?
True
Let k be (-6)/(-9) - ((-582)/18 - 1). Let p = k + 199. Is p prime?
True
Suppose -4458*v - 1182396 = -4470*v. Is v composite?
False
Let f = -413046 + 758473. Is f a prime number?
False
Let m(r) = 22*r**2 - 20*r + 73. Is m(-18) composite?
False
Let r = 218424 - 33863. Is r a prime number?
False
Let j be 1/(-2)*(-30)/(-1 - -4). Suppose 0*i + 2*g = 3*i - 13, -5*g + 5 = j*i. Suppose i*f = 6*f - 3957. Is f a prime number?
True
Let z = 1201637 - 852964. Is z a composite number?
True
Suppose 4*f + 5*d - 50345 = -f, -40240 = -4*f + 2*d. Is f a prime number?
False
Let x(b) = -7*b**3 + 7*b**2 - 2*b - 11. Suppose -5*y - 39 = v, 3*y + 3*v = 7*y + 16. Is x(y) a composite number?
True
Suppose 78*i - 33*i + 119*i - 28629316 = 0. Is i composite?
False
Let b = 23 - 1699. Let x = b + 3855. Is x a composite number?
False
Suppose 608*f - 603*f = 33650. Suppose -8*x = 5*p - 4*x - 16843, f = 2*p + 4*x. Is p prime?
True
Suppose -45*n + 34*n + 55 = 0. Suppose 0 = -n*k + 8*k